 Let v be h(-6). Let s be ((-3)/(v/42))/1. Let l(n) = n**3 + 8*n**2 + 8*n. What is l(s)?
-7
Let q be 39 - 6/(10/5). Let o = -21 + q. Suppose 3*x = -o*x + 72. Let k(r) = -5*r + 5. Give k(x).
-15
Let u(y) = 4*y**3 + 62*y**2 - 8*y + 4. Let v(a) = -17*a**3 - 268*a**2 + 31*a - 17. Let p(r) = -13*u(r) - 3*v(r). Give p(-4).
-13
Let h(u) = -7*u**2 + 11*u - 1. Let c = 60 - 58. Let k(d) = 3*d**2 - 6*d. Let s(t) = c*h(t) + 5*k(t). Let a be (-108)/(-15) + (-3)/15. Calculate s(a).
-9
Let c(u) = u**3 + 2*u**2. Let p = -1 - -4. Let v(h) = -2*h**3 + 59*h**2 + 33*h - 90. Let i be v(30). Suppose i = 2*g - p*g - 2. Give c(g).
0
Let t(x) be the second derivative of -x**5/20 + x**4 - 25*x**3/6 - x**2 - 2321*x. Calculate t(9).
16
Let g(n) = -n**3 + 6*n**2 + 7*n - 3. Let v be g(7). Let x be (-2 - -10)*26/52. Let u(l) = -882*l**3 + 883*l**3 - 6*l + 4 + x*l. Give u(v).
-17
Let u = 41583 + -41587. Let a(w) = -4*w - 6*w + 0*w**3 - w**3 - 7 + 3*w - 5*w**2. Give a(u).
5
Let f(x) = 10*x - 2. Let i(g) = -11*g + 7. Let z(s) = -13*s + 10. Let o(b) = -3*i(b) + 2*z(b). Let k(w) = 5*f(w) - 7*o(w). What is k(-1)?
-4
Let j(h) = -115*h**2 + 224*h**2 - 111*h**2 + 3*h - 162*h**3 + 61*h**3 - 1. Calculate j(1).
-101
Let x(h) = -7*h + 5. Let r(l) = -36*l + 12. Let i(f) = -r(f) + 4*x(f). Calculate i(4).
40
Suppose 0 = -5*j + w - 465, -272 = 7*j - 4*j - 2*w. Let q = -89 - j. Let l(z) = 19*z**2 - 18*z**2 + 7 - 3*z - 4*z + 0. What is l(q)?
-3
Let t(o) = 13*o**2 + 80*o - 15. Let u be t(-14). Let a = -1418 + u. Let d(f) be the first derivative of -f**3/3 - 3*f**2 - 6*f - 1. What is d(a)?
-1
Let k(j) = j**3 + 6*j**2 - 7*j + 2. Let t be 6*(-4)/(-16)*(-1616)/(-12). Let y = t + -209. Give k(y).
2
Let c be (4/18)/((-24)/612) - 1/3. Let u(p) = -p**2 - 2*p + 3. Calculate u(c).
-21
Suppose -x + 0 = -5. Suppose -x*m + 45 - 15 = 0. Let c(q) be the third derivative of -q**4/6 + q**3 + 4*q**2 - 4*q. Calculate c(m).
-18
Let i(z) = -z**3 - 7*z**2 - 3*z + 3. Suppose w + 5*p = -4*w - 1515, -2*p - 1222 = 4*w. Let t = -314 - w. Calculate i(t).
-15
Let b(y) = 438*y**2 - 221*y**2 - 218*y**2. Let d(x) = -x**3 - 16*x**2 - 16*x - 5. Let a be d(-15). Suppose 5*p - a*p = 15. Give b(p).
-9
Let u = 413 + -408. Suppose -u*m - 30 = 5*k, -6*k = -11*k + 3*m - 46. Let b(s) = s**3 + 9*s**2 + 8*s - 1. What is b(k)?
-1
Let m(u) = 5*u**3 + 3*u**2 - 5*u + 1. Let i(p) = 32*p**3 + 19*p**2 - 31*p + 9. Let j(o) = 2*i(o) - 13*m(o). Determine j(-4).
41
Let o(g) = 2*g - 10 + 64 - 12 - 40 - 2*g**2. Determine o(6).
-58
Suppose 6*k - 24 = 9*k. Let b(p) = -7*p**2 - 7*p - 3. Let x(d) = -20*d**2 - 21*d - 9. Let y(n) = 17*b(n) - 6*x(n). Calculate y(k).
11
Let x(a) be the third derivative of a**5/60 - a**4/3 + 7*a**3/6 + 492*a**2 - 3*a. What is x(12)?
55
Suppose 118*j - 120*j - 416 = 0. Let n = j - -211. Let l(i) = -i**3 + 2*i**2 - 3*i. Calculate l(n).
-18
Let p(y) be the second derivative of 0 + 1/2*y**2 - 60*y - 4/3*y**3. Let f be 5/3 + 4/(-6). Give p(f).
-7
Let z(t) be the third derivative of t**4/24 + t**3/6 - t**2. Let x(u) = -103*u + 4430. Let v be x(43). Determine z(v).
2
Let w(y) = -5*y**2 - 3*y + 4. Let b be w(1). Let i(z) = 2*z**2 + 3*z - 11. Determine i(b).
9
Let m(q) = -q**3 - 21*q**2 - 25*q - 92. Suppose -3*o - 115 = 5*k, -89*o + 91*o - 70 = 4*k. Give m(k).
8
Suppose -3*y + 27 - 42 = 0. Let s(d) = -37*d - 3. Let x(a) = -25*a - 2. Let g(m) = y*s(m) + 7*x(m). Give g(-2).
-19
Let w(h) = 452 - 741 + 9*h + 316. Determine w(-4).
-9
Let k(l) = -9755*l**2 - 24*l + 68*l + 9748*l**2 - 10. Give k(6).
2
Let s(r) = 58*r**2 + 3*r + 3. Let f(w) = 14*w**2 + 3*w. Let c(i) = -4*f(i) + s(i). Determine c(6).
21
Suppose -3*q - 19 = -r, -5*q - 61 = -7*r + 4*r. Let i(x) = 7 - r - 7*x**2 + x**3 + 8*x + 11. Let f be 0/(-7) - (0 - 6). Give i(f).
8
Let z(t) = 101*t - 39*t - t**3 - 5 - 2 - 31*t - 8*t**2 - 42*t. Give z(-6).
-13
Let x = 0 + 0. Let u(o) be the third derivative of o**6/120 + o**4/24 - 3*o**3/2 + 161*o**2 + 404. Calculate u(x).
-9
Let a(q) = 22*q - 208. Let l be a(6). Let v = -74 - l. Let m(w) = w - 3. Determine m(v).
-1
Suppose d = -0*d. Let o = 38 + -35. Let k(b) = -b + 5 - 2 - o - 6. Give k(d).
-6
Let o(c) = -2 + 7 + 4 - c. Suppose -53*i + l = -58*i + 37, -15*i + l + 83 = 0. Calculate o(i).
3
Let c = 168 + -166. Let g(v) be the first derivative of c*v - 1/2*v**2 - 1. Calculate g(6).
-4
Let a(k) = -120*k - 1324. Let c be a(-11). Let w(q) = -q**2 - 6*q - 13. What is w(c)?
-5
Let a(o) = 7*o + 6*o - 32 - 21*o + 35*o - 7*o. Give a(6).
88
Let x(j) = -j**2 - j + 2. Let f(g) = 4*g - 38. Let c be f(13). Suppose 2*k + 3*a = 0, 2*a - a - c = 4*k. Determine x(k).
-4
Let i = 34 - 40. Let f be 1*3/i*(-5 - -3). Suppose -f - 11 = 4*b. Let x(g) = g**3 + 3*g**2 + 2*g. Give x(b).
-6
Let f(k) = k. Let x(p) = -5*p - 1. Let m(v) = 9*f(v) + 2*x(v). Let n(z) = -5 + 18*z**2 + 9*z + 32 - 7*z + z**3. Let s be n(-18). Give m(s).
7
Let v(k) = 6*k**3 + k - 1. Suppose 5*t - 20 = -0*j - 5*j, 2 = 2*j - t. Suppose 4*m - 8 = -4*g, 4*g - 1 = m + j. Calculate v(g).
6
Let m = -38 + 33. Suppose -14 = 5*z - 6*z. Let j(f) = z - f + 11 - 26 + 3*f. Give j(m).
-11
Let s(a) = -8*a - 85. Let k(l) = 4*l + 43. Let x(h) = -7*k(h) - 4*s(h). Calculate x(-10).
-1
Let i(q) = -4*q**3 - 2*q + 1. Let a(w) = 7*w**2 - 2*w + 2. Let d be a(3). Suppose 5*g - 82 = -5*o - 357, 5*g = 5*o - 305. Let t = d + g. Calculate i(t).
-5
Let k(b) = -6597 + 2205 + 2200 + 2215 + 3*b. Determine k(-17).
-28
Let z(v) be the first derivative of -v**3/3 - 4*v**2 - 13*v - 1931. Calculate z(-2).
-1
Let c(a) = -37 + 32 - 3*a**3 + 104*a**2 - 29*a + 64*a. Determine c(35).
-5
Let u(n) = -n + 2. Suppose 3*h - 11 = -4*o + 24, -4*h = 4*o - 40. Suppose 0 = -4*r - 3*w + 2*w + 31, -r - h*w - 16 = 0. What is u(r)?
-7
Let u(l) = -l**3 + 16*l**2 - l + 2. Let w be 56/(-6)*(-324)/189. Give u(w).
-14
Let v(s) = -s**2 - s - 1. Suppose -2 = 3*o + 4*z + 1, 5*o - 24 = 3*z. Let m = o + 3. Let w be ((-12)/18)/(2/m). What is v(w)?
-3
Let r(y) be the second derivative of y**4/12 + 5*y**3/6 + 5*y**2/2 - 3804*y. Let d be (17 - 5)/(4/2). Let v = d + -10. Calculate r(v).
1
Suppose 2*c - 19 = -3*u + c, -3*u + 21 = 3*c. Let o(a) = -a**3 + 6*a**2 + 7*a - 9. Let v be o(u). Let m(f) = -v + 8*f - 3*f + 37 + 2*f. Determine m(-3).
-17
Let k = -6591 - -6594. Suppose 2*h - 3*d - 13 = 0, -3 = -2*h + 4*d + 9. Let x(i) = -h - i + i - 3 + i**2 + i**k. What is x(0)?
-11
Let h(y) be the third derivative of -7*y**4/24 - y**2. Suppose 0 = k - 13, -p - 2*p + 149 = -5*k + 205. Calculate h(p).
-21
Let v(o) be the third derivative of -o**6/120 - o**5/30 + o**4/12 - o**3/6 + 2*o**2. Suppose -7 = 3*w + 2*g, 49*w - g = 54*w + 14. Calculate v(w).
2
Let g(s) = 10172*s - 5098*s + 1 - 5075*s. Suppose -29 = -4*l + y, 0 = 2*l + 5*y + 2 - 11. Give g(l).
-6
Let j(d) = d**3 - 11*d**2 + 10*d - 41. Suppose -3*n + 4*x + 42 = 0, -3*n = -12*x + 7*x - 45. What is j(n)?
-41
Let i(n) = n**3 + 28*n**2 + 34*n + 65. Let g(v) = -v**3 - 31*v**2 - 32*v - 70. Let l(r) = -4*g(r) - 5*i(r). Calculate l(-13).
-6
Suppose 13 = 2*j + 5*z, -2*j - 4*z + 22 = -8*z. Let k be (10/15)/(1/j*3). Suppose -k*o = l - o - 1, 3*l - 1 = -5*o. Let b(n) = -n**2 - n - 1. Calculate b(l).
-7
Let v be ((-68)/20 - (16 - 20))*(-40)/(-6). Let z(u) be the first derivative of 2*u**3/3 - u**2/2 - 2*u + 23. What is z(v)?
26
Suppose -4*b = 4*y + 20, -b + 24 = -3*y + 1. Let t(x) be the first derivative of x**4/4 + 8*x**3/3 + 9*x**2/2 + x + 543. Determine t(y).
-13
Suppose 3*n + 5*g + 0 + 4 = 0, 2*g + 10 = 0. Let h(b) = -5*b**3 - 13*b**2 - 6. Let u(r) = -r**3 - r**2. Let s(k) = h(k) - 6*u(k). Calculate s(n).
-6
Let n(z) = -z + 4. Let b be n(-2). Let k(v) = -v**2 + 210*v**3 + 200*v**3 + 0*v + 3*v - 411*v**3 - 8 + 7*v**2. Calculate k(b).
10
Let y = 462 - 450. Let n be 52/(-624) + (-95)/y. Let g(d) = d**2 + 8*d - 10. Calculate g(n).
-10
Let q(l) = 6*l**2 - 15*l + 9. Let x(f) = -31*f**2 + 74*f - 46. Let v(b) = 11*q(b) + 2*x(b). What is v(7)?
84
Let w(n) = 17*n - 662. Suppose -5*t + a = -195, 2*t - 5*a = 269 - 191. Determine w(t).
1
Suppose 7*c - 95 = -123. Let j(m) = m**2 + 6*m + 13. What is j(c)?
5
Let r(u) be the second derivative of u**3 + 33*u**2 + 950*u. Calculate r(-14).
-18
Let l be 4/6*(-1290)/(-4). Let q = -202 + l. Let x(g) = g**2 - 11*g - 15. What is x(q)?
11
Let v(p) = 4*p**2 + 12*p + 23. Let q(b) = -b**2 - 5. Let o(x) = -6